nder when 1046028 is divided by 879?
18
Calculate the remainder when 6953511 is divided by 267438.
123
Calculate the remainder when 24311 is divided by 3638.
2483
What is the remainder when 83242 is divided by 20744?
266
Calculate the remainder when 7900923 is divided by 7900857.
66
What is the remainder when 233599 is divided by 1072?
975
What is the remainder when 419103 is divided by 1213?
618
Calculate the remainder when 25847 is divided by 759.
41
Calculate the remainder when 17000 is divided by 347.
344
Calculate the remainder when 11073989 is divided by 42429.
20
What is the remainder when 28326913 is divided by 9?
7
What is the remainder when 4324093 is divided by 127?
124
What is the remainder when 1000134305 is divided by 2718?
2717
What is the remainder when 54912 is divided by 12819?
3636
Calculate the remainder when 19099603 is divided by 82.
81
What is the remainder when 10803907 is divided by 67949?
16
Calculate the remainder when 42187 is divided by 798.
691
What is the remainder when 31331272 is divided by 1323?
1309
Calculate the remainder when 556270 is divided by 891.
286
Calculate the remainder when 1373327 is divided by 763.
690
What is the remainder when 234361 is divided by 2663?
17
What is the remainder when 6482 is divided by 6131?
351
Calculate the remainder when 54848857 is divided by 20.
17
What is the remainder when 291452 is divided by 291397?
55
What is the remainder when 199171291 is divided by 8047?
8041
Calculate the remainder when 2744229 is divided by 2601.
174
What is the remainder when 4240966 is divided by 245?
16
Calculate the remainder when 111910621 is divided by 6115.
6
Calculate the remainder when 460172 is divided by 263.
185
Calculate the remainder when 22695042 is divided by 33.
18
What is the remainder when 2891793 is divided by 2891793?
0
Calculate the remainder when 56701 is divided by 2573.
95
Calculate the remainder when 18753954 is divided by 669781.
86
Calculate the remainder when 12394 is divided by 5850.
694
Calculate the remainder when 5422711 is divided by 492971.
30
What is the remainder when 422885 is divided by 35239?
17
Calculate the remainder when 16971564 is divided by 462.
456
What is the remainder when 78264252 is divided by 78264250?
2
Calculate the remainder when 100684 is divided by 3897.
3259
Calculate the remainder when 3525212 is divided by 6492.
56
Calculate the remainder when 4399750 is divided by 89790.
40
Calculate the remainder when 5509977 is divided by 2754944.
89
Calculate the remainder when 408277 is divided by 5102.
117
Calculate the remainder when 35025 is divided by 8500.
1025
Calculate the remainder when 308853 is divided by 51468.
45
Calculate the remainder when 25522 is divided by 3621.
175
What is the remainder when 561501 is divided by 112267?
166
What is the remainder when 107924 is divided by 53633?
658
Calculate the remainder when 900096 is divided by 62.
42
What is the remainder when 216887543 is divided by 218?
215
Calculate the remainder when 896620 is divided by 1405.
230
What is the remainder when 103362 is divided by 34452?
6
What is the remainder when 81437 is divided by 2784?
701
Calculate the remainder when 707256 is divided by 1173.
1110
What is the remainder when 12827569 is divided by 290?
289
Calculate the remainder when 103766 is divided by 51676.
414
What is the remainder when 867835 is divided by 140?
115
Calculate the remainder when 27327664 is divided by 364.
0
What is the remainder when 166382681 is divided by 1657?
1654
Calculate the remainder when 290874 is divided by 895.
894
What is the remainder when 1324539 is divided by 24991?
16
Calculate the remainder when 244642 is divided by 60704.
1826
Calculate the remainder when 214810 is divided by 300.
10
What is the remainder when 52025 is divided by 15871?
4412
Calculate the remainder when 12255627 is divided by 583601.
6
What is the remainder when 20333 is divided by 9449?
1435
What is the remainder when 154314 is divided by 2371?
199
Calculate the remainder when 7269417 is divided by 621.
612
Calculate the remainder when 92146534 is divided by 168458.
8
What is the remainder when 6118576 is divided by 679840?
16
What is the remainder when 5547383 is divided by 75991?
40
What is the remainder when 5899 is divided by 2760?
379
What is the remainder when 3910135 is divided by 167?
164
What is the remainder when 29174080 is divided by 3761?
3
What is the remainder when 95478 is divided by 656?
358
Calculate the remainder when 624888 is divided by 312441.
6
What is the remainder when 25289453 is divided by 25289418?
35
What is the remainder when 6590716 is divided by 472?
180
What is the remainder when 90421 is divided by 97?
17
What is the remainder when 11846466 is divided by 1518?
1512
Calculate the remainder when 165376 is divided by 41314.
120
Calculate the remainder when 1534600 is divided by 3743.
3713
Calculate the remainder when 60021441 is divided by 3948.
3945
Calculate the remainder when 469 is divided by 192.
85
Calculate the remainder when 13718403 is divided by 107175.
3
What is the remainder when 476396995 is divided by 6450?
6445
What is the remainder when 284077 is divided by 355?
77
What is the remainder when 7028222 is divided by 6850?
122
Calculate the remainder when 8152 is divided by 17.
9
Calculate the remainder when 11667 is divided by 5818.
31
What is the remainder when 1881979 is divided by 15?
4
Calculate the remainder when 196946839 is divided by 158.
155
What is the remainder when 175484 is divided by 58248?
740
Calculate the remainder when 876853 is divided by 77.
54
Calculate the remainder when 287161 is divided by 8361.
2887
Calculate the remainder when 32220884 is divided by 135953.
23
Calculate the remainder when 387027 is divided by 4588.
1635
Calculate the remainder when 1469990 is divided by 367397.
402
Calculate the remainder when 18475 is divided by 1678.
17
Calculate the remainder when 7981216 is divided by 278.
114
What is the remainder when 1871392 is divided by 831?
811
Calculate the remainder when 4186544 is divided by 2701.
2695
What is the remainder when 15484 is divided by 414?
166
What is the remainder when 141337 is divided by 12757?
1010
What is the remainder when 42894897 is divided by 450?
447
Calculate the remainder when 43856 is divided by 40453.
3403
What is the remainder when 120340 is divided by 1116?
928
What is the remainder when 2558679 is divided by 91374?
207
What is the remainder when 1027689 is divided by 18685?
14
What is the remainder when 108153 is divided by 270?
153
What is the remainder when 254760 is divided by 10414?
4824
What is the remainder when 122392 is divided by 738?
622
What is the remainder when 126314 is divided by 117039?
9275
What is the remainder when 67194 is divided by 8151?
1986
Calculate the remainder when 12786811 is divided by 12786789.
22
What is the remainder when 2880483 is divided by 960161?
0
What is the remainder when 91340 is divided by 1005?
890
Calculate the remainder when 96340 is divided by 9628.
60
Calculate the remainder when 52173 is divided by 3565.
2263
Calculate the remainder when 1809818 is divided by 62407.
15
Calculate the remainder when 377701 is divided by 3929.
517
What is the remainder when 5147549 is divided by 1294?
17
Calculate the remainder when 99091 is divided by 128.
19
What is the remainder when 53691070 is divided by 87?
64
Calculate the remainder when 570166 is divided by 1084.
1066
Calculate the remainder when 864223 is divided by 8909.
50
What is the remainder when 1120777 is divided by 203?
14
Calculate the remainder when 2592 is divided by 885.
822
What is the remainder when 88365 is divided by 12620?
25
Calculate the remainder when 381281 is divided by 526.
457
Calculate the remainder when 483785 is divided by 52.
29
Calculate the remainder when 3536777 is divided by 1220.
1217
What is the remainder when 211665420 is divided by 23?
8
Calculate the remainder when 1378129 is divided by 363.
181
What is the remainder when 2497157 is divided by 15?
2
What is the remainder when 293712 is divided by 70?
62
What is the remainder when 260087 is divided by 85844?
2555
What is the remainder when 1155480 is divided by 165067?
11
Calculate the remainder when 14892